 + 296. Calculate n(-2).
-46
Let c(b) = 61*b - 2031. What is c(34)?
43
Let k(n) = 2*n**3 + 109*n**2 + 49*n - 273. What is k(-54)?
-3
Let w(o) = 32*o + 2421. Give w(-75).
21
Let j(d) = -245*d - 26210. Calculate j(-107).
5
Let j(t) = -280*t - 1416. What is j(-5)?
-16
Let r(m) = -2*m**2 + 139*m - 1031. Calculate r(60).
109
Let r(b) = 228*b + 4088. What is r(-18)?
-16
Let s(a) = -a**3 - 54*a**2 - 216*a - 807. Determine s(-50).
-7
Let q(r) = -r**2 + 19*r - 18. Give q(12).
66
Let c(d) = 2257*d - 164768. What is c(73)?
-7
Let b(g) = -g**3 + 8*g**2 + 2*g - 56. Calculate b(7).
7
Let b(y) = 40*y - 360. What is b(7)?
-80
Let q(p) = -19*p - 123. Calculate q(-8).
29
Let a(v) = v**3 + v**2 + 2*v + 74. What is a(0)?
74
Let s(f) = 9*f**2 - f - 50. Give s(5).
170
Let b(p) = -4*p**3 - 3*p**2 + 5*p - 22. What is b(3)?
-142
Let t(d) = d**2 - 29*d + 87. What is t(25)?
-13
Let o(x) = 7*x**2 + 2*x - 53. What is o(5)?
132
Let r(k) = -k**3 + 16*k**2 + 6*k - 101. Determine r(16).
-5
Let z(l) = -10*l + 149. Give z(18).
-31
Let q(l) = -33*l**2 + 557*l + 64. Determine q(17).
-4
Let y(o) = -39*o**2 - 79*o. What is y(-2)?
2
Let x(n) = -248*n - 39914. Calculate x(-161).
14
Let i(y) = -51*y + 2320. Give i(41).
229
Let z(n) = -3774*n - 3773. Calculate z(-1).
1
Let k(j) = -5*j**2 - 173*j + 445. Calculate k(-37).
1
Let g(n) = -n**2 - 52*n - 563. Give g(-37).
-8
Let g(d) = d**3 - 8*d**2 + 3*d + 281. Determine g(0).
281
Let u(m) = 9*m**2 - 95*m + 191. Determine u(8).
7
Let y(m) = -9*m**2 - 106*m + 120. Determine y(1).
5
Let c(p) = p**2 + 953*p + 74567. What is c(-86)?
5
Let q(o) = 604*o + 3634. Calculate q(-6).
10
Let g(t) = -132*t + 1354. What is g(13)?
-362
Let v(j) = -j**3 - 15*j**2 + 153*j + 2008. What is v(-17)?
-15
Let c(b) = b**3 - 63*b**2 + 332*b + 24. Determine c(6).
-36
Let z(q) = -31*q + 262. What is z(10)?
-48
Let v(q) = 216*q**3 + q**2 + 3*q + 2. Calculate v(-1).
-216
Let o(l) = l**2 - 16*l - 90. Calculate o(23).
71
Let j(d) = 163*d + 23798. Determine j(-146).
0
Let g(p) = 200*p - 813. Give g(4).
-13
Let u(g) = -31*g**2 + 1053*g + 19. Give u(34).
-15
Let k(w) = -w**3 - 17*w**2 - 14*w + 212. Determine k(-15).
-28
Let b(o) = -o**3 - 18*o**2 - 28*o - 27. Calculate b(-16).
-91
Let f(k) = 6*k**2 - 232*k - 104. Determine f(39).
-26
Let f(l) = 3*l**3 + 5*l**2 - 120*l - 55. Give f(6).
53
Let s(g) = 3*g**3 - 289*g**2 + 1173*g + 2113. Calculate s(92).
-3
Let t(n) = -n**3 - 38*n**2 - 106*n + 15. Give t(-35).
50
Let r(q) = -47*q**2 + 338*q - 70. Give r(7).
-7
Let j(y) = 2*y**2 - 212*y + 2585. What is j(92)?
9
Let p(b) = -57*b**2 + 912*b + 2. Calculate p(16).
2
Let t(z) = 29*z**2 - 471*z - 17. What is t(16)?
-129
Let q(u) = 2*u**2 + 12*u - 341. Calculate q(-17).
33
Let f(b) = 2*b**3 - 30*b**2 + 101*b + 70. Determine f(10).
80
Let v(g) = -g**3 - 3*g**2 + 176*g + 44. Give v(12).
-4
Let n(z) = -340*z + 231. Give n(1).
-109
Let j(i) = 1037*i**2 + 2*i - 91. What is j(0)?
-91
Let w(f) = 47*f - 538. What is w(13)?
73
Let c(p) = p**3 - 19*p**2 + 48*p - 543. Give c(18).
-3
Let m(i) = -47*i**2 - 657*i - 23. Give m(-14).
-37
Let d(y) = -y**2 + 71*y + 8640. Calculate d(135).
0
Let m(t) = -t**3 - 14*t**2 + 232*t + 574. Calculate m(-23).
-1
Let i(v) = -v**3 - 10*v**2 + 227*v + 12. Determine i(11).
-32
Let m(a) = -a**3 + 30*a**2 - 32*a + 57. Give m(29).
-30
Let j(n) = 342*n - 17115. Calculate j(50).
-15
Let t(v) = 401*v + 3604. Calculate t(-9).
-5
Let k(o) = 126*o + 918. What is k(-7)?
36
Let s(k) = -16*k - 688. What is s(-43)?
0
Let a(d) = -d**2 - 83*d + 38067. Give a(158).
-11
Let r(g) = -g**3 - 36*g**2 - 19*g - 677. Determine r(-36).
7
Let f(q) = 60*q + 739. Give f(-12).
19
Let v(l) = 2*l**2 + 46*l - 37. Calculate v(-26).
119
Let d(b) = -7*b**3 - 229*b**2 + 58*b - 239. Calculate d(-33).
25
Let g(w) = 2*w**2 + 342*w + 3259. Determine g(-10).
39
Let m(g) = 8*g**2 - 94*g + 212. What is m(8)?
-28
Let y(u) = u**3 + 42*u**2 + 403*u - 30. Determine y(-15).
0
Let d(w) = -11*w**2 + 919*w - 9449. Calculate d(12).
-5
Let l(n) = n**3 + 27*n**2 - 11*n - 927. Determine l(-26).
35
Let h(j) = -j**2 + 17*j + 61. What is h(23)?
-77
Let y(r) = -2*r**2 - 1194*r - 8258. Give y(-7).
2
Let i(f) = -f**2 + 278*f + 2587. What is i(287)?
4
Let h(d) = -6*d**3 - 147*d**2 - 66*d + 177. What is h(-24)?
33
Let q(y) = -130*y**3 - 7*y**2 + 14*y - 9. Determine q(1).
-132
Let v(j) = 44*j - 159. Calculate v(4).
17
Let d(k) = k**2 - 135*k + 363. Give d(3).
-33
Let a(v) = 7*v - 135. Determine a(11).
-58
Let b(l) = l**2 + 36*l - 242. What is b(-39)?
-125
Let b(l) = -1982*l + 1978. Give b(1).
-4
Let y(o) = -o**3 - 49*o**2 + 207*o + 11. Determine y(4).
-9
Let m(y) = 12*y**2 + 83*y + 140. Determine m(-4).
0
Let h(x) = 9*x**2 - 7*x + 4. Determine h(3).
64
Let j(s) = s**3 - 6*s**2 - 17*s - 43. What is j(9)?
47
Let x(t) = t**3 - 4*t**2 - 163*t - 29. Give x(15).
1
Let w(v) = -v**2 - 803*v - 1598. Give w(-2).
4
Let b(c) = 17*c - 920. Calculate b(51).
-53
Let p(q) = -q**3 + 8*q**2 - 1517*q + 6005. Calculate p(4).
1
Let j(g) = 44*g - 301. Give j(6).
-37
Let l(b) = -b**3 + 11*b**2 + 9*b + 762. Give l(15).
-3
Let n(q) = -7*q**3 - 115*q**2 - 46*q - 13. Determine n(-16).
-45
Let d(a) = -2*a**3 + 45*a**2 - 23*a + 28. Give d(22).
6
Let c(n) = -n**3 + 13*n**2 - 27*n - 38. Determine c(11).
-93
Let d(p) = 1301*p - 5093. Calculate d(4).
111
Let o(s) = -12*s**2 + 430*s + 62. Calculate o(36).
-10
Let y(b) = -84*b**2 + 36*b - 37. Determine y(1).
-85
Let k(p) = -2*p**2 + 9*p. Calculate k(-6).
-126
Let b(c) = -c**3 + c**2 + 137*c + 274. Determine b(-2).
12
Let d(l) = -2*l**3 - 16*l**2 - 64*l + 48. What is d(-7)?
398
Let z(y) = 6*y + 227. Give z(-23).
89
Let y(r) = -r**3 + 84*r**2 - 673*r - 149. Determine y(75).
1
Let q(g) = 104*g - 683. Give q(4).
-267
Let d(t) = 3*t**3 - 76*t**2 + 94*t + 29. Determine d(24).
-19
Let k(z) = 2*z**2 - 12*z - 19. Give k(-2).
13
Let c(x) = 422*x**2 - 848*x + 2. Determine c(2).
-6
Let g(n) = 105*n + 15470. Give g(-148).
-70
Let v(w) = w**2 + 80*w + 1469. What is v(-28)?
13
Let g(c) = -9*c**2 - 51*c + 14. Determine g(-5).
44
Let b(v) = -2*v**2 + 100*v + 244. Determine b(53).
-74
Let t(h) = 298*h - 702. Determine t(2).
-106
Let z(h) = -2*h**3 - 10*h**2 - 77*h - 122. What is z(-2)?
8
Let u(x) = 46*x - 423. Calculate u(9).
-9
Let p(q) = 14*q - 244. Calculate p(18).
8
Let z(w) = 8*w**2 - 89*w - 456. Determine z(14).
-134
Let c(k) = -271*k - 2983. What is c(-11)?
-2
Let v(f) = -25*f + 103. What is v(11)?
-172
Let f(k) = k**2 - 17*k - 12. Calculate f(-7).
156
Let o(k) = -k**3 - 14*k**2 + 13*k + 14. What is o(-16)?
318
Let f(p) = -p**3 + 7*p**2 - 5*p + 197. What is f(9)?
-10
Let v(b) = b**3 + 5*b**2 + 43*b + 400. What is v(-7)?
1
Let y(b) = -2*b**2 + 20*b + 27. Calculate y(11).
5
Let u(s) = -s**2 + 29*s + 240. Determine u(15).
450
Let m(b) = 666*b - 47947. Determine m(72).
5
Let r(v) = -v**3 - 108*v**2 - 72*v + 3753. Determine r(-107).
8
Let c(f) = f**3 - 32*f**2 + 28*f + 53. Give c(31).
-40
Let u(g) = 7*g**2 + 54*g + 42. What is u(-7)?
7
Let y(n) = 121*n + 16. Determine y(-1).
-105
Let p(r) = -5*r**2 - 13*r - 50. What is p(-4)?
-78
Let g(u) = u**3 - 15*u**2 + 2*u + 24. Give g(13).
-288
Let v(z) = -z**3 - 15*z**2 - z + 39. Determine v(-14).
-143
Let u(r) = -215*r - 81051. Give u(-377).
4
Let n(p) = -p**3 + 4*p**2 + 28*p - 66. Determine n(6).
30
Let o(j) = 8*j**2 + 17*j + 46. What is o(-3)?
67
Let y(u) = -89*u**2 - 275*u - 12. Give y(-3).
12
Let m(n) = -n**2 + 7*n + 3124. Calculate m(59).
56
Let g(i) = 4585*i - 18343. Calculate g(4).
-3
Let s(o) = -732*o + 1452. Calculate s(2).
-12
Let r(y) = -38*y + 621. What is r(20)?
-139
Let m(t) = 25*t + 622. What is m(-10)?
372
Let o(m) = 27*m + 546. What is o(-22)?
-48
Let l(o) = -31*o**2 - 28*o - 29. Give l(-1).
-32
Let d(c) = 28*c**3 + c**2 - 245*c + 243. What is d(1)?
27
Let b(k) = 9*k**2 - 7*k + 3. Determine b(-7).
493
Let o(w) = w**2 + 41*w + 422. What is o(-19)?
4
Let j(c) = -2*c**3 + 73*c**2 - 34*c - 30. Determine j(36).
42
Let w(a) = -11*a**2 + 120*a - 80. Give w(10).
20
Let h(o) = o**2 - 35*o + 6. Give h(41).
252
Let o(n) = -3*n**2 - 80*n - 147. Calculate o(-25).
-22
Let m(d) = -85*d - 17. Determine m(1).
-102
Let g(q) = -2*q**3 - 51*q**2 + 25*q - 29. Give g(-26).
-3
Let r(j) = j**2 + 105*j - 432. What is r(-109)?
4
Let o(g) = -336*g + 2678. What is o(8)?
-10
Let r(p) = -4*p**2 + 74